-4*f - 4*a - 2. Suppose -486 = -5*r - f*d, 3*r - 372 + 75 = -3*d. What is the tens digit of r?
9
What is the tens digit of (-92652)/(-378) + 1/(-9)?
4
Suppose 0 = n + 4*s - 1625, -2*n - 3*s = -4*n + 3239. What is the hundreds digit of n?
6
Let r = -35 + 20. Let x = r - -19. Let p(o) = -o**3 + 3*o**2 + 5*o + 3. What is the units digit of p(x)?
7
Let n(j) = -1 + 0 - 5*j + 0. Let k be n(-3). What is the units digit of (-4)/k + 636/21?
0
Suppose -15*v + 29301 = -14844. What is the hundreds digit of v?
9
Let y = -17 + 20. What is the units digit of (-956)/(-14) + y + 92/(-28)?
8
Let a(g) = -g**3 + 13*g**2 + 3*g - 35. What is the hundreds digit of a(11)?
2
Let f = 4 - 2. Suppose 0 = -2*y - f*y + 80. Suppose 0 = -3*s - 3*t + 18, 3*s - y = -4*t - 0. What is the units digit of s?
4
Let p(n) = 5*n**2 + 8*n + 2799. What is the units digit of p(0)?
9
Let r = -7 - -3. Let l = -392 + 450. What is the units digit of l - r/2 - 4?
6
Suppose -4*b + 353 = -127. What is the hundreds digit of b?
1
Let u = -8 - -14. Suppose u*y = 8*y - 400. What is the hundreds digit of y?
2
What is the tens digit of 10/(-5) + 2 + (44 - -1)?
4
What is the tens digit of (1003/14 - 2/14)*2?
4
Let o be 99/33 + (0 + -1 - 0). Let y(w) = -w**3 + 4*w**2 + 5*w - 8. What is the units digit of y(o)?
0
Let a = -252 + 744. What is the units digit of a?
2
Suppose 12*z = -20*z + 23520. What is the tens digit of z?
3
Let t(d) = 1. Let j(k) = k**2 - 15*k - 7. Let b(a) = -j(a) + t(a). What is the units digit of b(11)?
2
Let r = -27 + 58. Suppose -4*d = -20, -g + 3*g + 5*d = r. What is the tens digit of g*1*(2 - -5)?
2
Let n(g) = g**2 - 7*g + 1. Suppose -2*l - 3*f = -7*f - 70, -l - 5*f + 21 = 0. Let s = -22 + l. What is the units digit of n(s)?
9
Let j(d) = 22*d**3 + 3*d**2 - 4*d + 3. Let b be j(2). Let g = 17 + b. Suppose -4*i + 4*t = -g, 52 = -2*i + 3*t + 152. What is the tens digit of i?
5
What is the units digit of 5954/(-2*3*(-4)/24)?
4
Let b be (-12 - (-1 - -1))*3/(-9). What is the tens digit of 2/(8/186)*b/3?
6
Let g be (-4 + 1)*(472/(-12) - 2). Suppose 2*o = 5*q - g, 94 = 4*q + o - 0*o. What is the units digit of q?
4
Suppose -5*c + 127 = 7. What is the tens digit of (3*(-6)/c)/((-1)/72)?
5
Let t(h) = h**2 - 5*h + 4. Suppose -y - 1 = 1. Let w(k) = -2*k + 2. Let a be w(y). What is the units digit of t(a)?
0
Suppose 13 + 11 = 4*n. Let r = n + -2. Let l(j) = j**3 - 4*j**2 + 4. What is the units digit of l(r)?
4
Suppose -179 = -4*i + 5*w, 2*w = 4*i + w - 183. Suppose 4*m - 14 = i. What is the units digit of m?
5
Let u(b) = 4*b + 4. Let z be u(12). Let o be 1/(2*(-2)/z). Let q = 55 + o. What is the tens digit of q?
4
Let f = -37 - -22. Let r = f + 26. Let s = -3 + r. What is the units digit of s?
8
Suppose 8*m + 100 = 13*m. Suppose 0 = -4*i - 0*i + m, 2*i = -2*n + 90. What is the units digit of n?
0
Let r(p) = 36*p + 16. Suppose k - b = -5 + 12, -3*b = k + 1. What is the hundreds digit of r(k)?
1
Suppose 22*q - 17*q - 55 = 0. Suppose q*w - 5*w - 12 = 0. Suppose 4*x + 5*g = -0*x + 72, 36 = 2*x - w*g. What is the units digit of x?
8
Let f(x) = x**3 + 21*x**2 - 19*x - 156. What is the thousands digit of f(-18)?
1
What is the units digit of (-1)/(-2)*-1*(1 + -145)?
2
Suppose -2*z + p = -4*p + 9, 0 = -3*z - p - 5. What is the tens digit of (10 - 2 - z)*31?
1
Let a be ((-6)/(-6))/((-3)/(-27)). Suppose -s = -4*j + 471, 5*s = j + a - 122. What is the hundreds digit of j?
1
Let x = 879 + -110. What is the units digit of x?
9
Suppose -343 = -8*f + 7*f. What is the hundreds digit of f?
3
Suppose 2*m + 465 = 3*h, 3*h + 2*m = h + 300. Suppose -w - 4*c = 4*w + 549, -4*w + 5*c = 431. Let f = h + w. What is the units digit of f?
4
Suppose 8 = -4*c - 3*x + 7*x, 6 = -2*c + 3*x. Suppose -b + c*b - j = -149, 4*b - 588 = -2*j. What is the tens digit of b?
4
What is the tens digit of (3135/110)/(3/576)?
7
Let s be (-1 - -3)/(-4)*(2 - 0). What is the tens digit of 1*(-2 + (s - -266))?
6
Suppose -2*p + 3*w + 21 = 60, 0 = -2*p + 5*w - 49. What is the tens digit of 14 + ((-5)/(-3) - 4/p)?
1
Let j(m) = m**2 - 13*m - 15. Let i be j(14). Let q = i - -21. What is the units digit of q?
0
Suppose 29 - 2 = -9*l. What is the tens digit of -52*9/(-6) - l?
8
Suppose -17*m + 64 = -9*m. Suppose -9*o + m*o - k + 20 = 0, o - 28 = -5*k. What is the tens digit of o?
1
Suppose 2*j - 5*i = -j + 473, j + 4*i - 186 = 0. What is the hundreds digit of j?
1
Suppose -l - 5*g + 1 = -0*g, -4*l - g + 4 = 0. Let f = l - -62. What is the tens digit of f?
6
Suppose -4*q - 32 = 52. What is the tens digit of (-2114)/q + 2/(-3)?
0
Let i(n) = -n**2 - 8*n - 5. Let a be i(-6). Let j(p) = -p**2 + 2*p - 2. Let z be j(2). Let v = a + z. What is the units digit of v?
5
What is the hundreds digit of (-1382)/(-6)*(-105 + 114)?
0
Suppose 0*z + z = 0. Suppose 3*b - 5*n - 118 = 337, -3*n + 6 = z. What is the hundreds digit of b?
1
Suppose 3*l = -139 - 551. Let q = l + 384. What is the hundreds digit of q?
1
What is the tens digit of (-1)/((-1)/(4791 - (11 + -7)))?
8
Let z(h) = 3*h - 29. Let q be z(11). Suppose 5*l = -15, 3*k - q*l = -k + 148. What is the tens digit of k?
3
What is the tens digit of (3 + 4 - 6)*(-466)/(-1)?
6
Let v(h) = 10*h**2 - 21*h - 25. What is the tens digit of v(-5)?
3
Let z(l) = 18*l + 58 - 45*l + 21*l. What is the hundreds digit of z(-12)?
1
Let s(k) = -k**2 + 8*k - 3. Let b be s(7). Suppose i - d = 114, -b*i + 491 - 27 = 4*d. What is the tens digit of i?
1
Let o(b) be the third derivative of b**4/12 - 7*b**3/6 - 2*b**2. Let x be o(6). Suppose -x*a = -5, 30 = u + u + 4*a. What is the units digit of u?
3
Let r(j) = -50*j**2 + j**3 + 1 + 21*j + 63*j**2 + 3. What is the tens digit of r(-6)?
3
Let b = 10983 - 6959. What is the tens digit of b?
2
Let c(u) = -u**3 - 6*u**2 - 3*u. Let m be c(-5). Let o = m - -12. What is the units digit of (o - 54/10)*-5?
7
Suppose o + 2*g = -62 + 525, 2315 = 5*o - 4*g. What is the hundreds digit of o?
4
Let r(n) = n**3 + 14*n**2 - n - 12. Let v be r(-14). Suppose 7*z = 4*a + v*z - 85, 4*a = -z + 55. What is the units digit of a?
5
Suppose -24*r = -23*r - 24. What is the tens digit of (3 - (-2874)/r) + (-1)/(-4)?
2
Let m(z) = z + 9. Let a be m(-4). Let q = 50 + -35. Suppose 3*d - 23 = a*l, -l + 4*l - q = 0. What is the tens digit of d?
1
Suppose -5*m - 244 = -79. Let d = -17 - m. Suppose 4*i - 24 = -d. What is the units digit of i?
2
Suppose -10 + 14 = 4*f. What is the units digit of (1/f)/(7/336)?
8
Suppose -4*r + r = 0. Suppose -2 = -2*y - r*y. What is the units digit of (136/(-20))/(y/(-5))?
4
Let x(g) = -3*g - 22. Let r be x(-9). Suppose -2*w + 16 - 7 = r*o, -6 = -5*w + 4*o. What is the units digit of w?
2
Suppose 13*l - 14*l + 82 = 0. Suppose 2*o + 10 = w, 5*w + 0*o = 2*o + l. What is the units digit of w?
8
Suppose -7*q + 8*q = 3*f + 489, -5*f = 0. What is the hundreds digit of q?
4
Suppose 2*w - 5*h - 1565 = 0, -w + 796 = 4*h - 2*h. What is the units digit of w?
0
Suppose 0 = v + 2*v + 5*u + 91, -v - u - 31 = 0. Let t = -26 - v. What is the units digit of 2/(t/93) - 3?
8
Let f(g) = 26*g + 20. What is the units digit of f(2)?
2
Let s = 1 - 4. Let n(v) = -v + 14. Let q be n(8). Let r = q - s. What is the units digit of r?
9
Let i(u) = -7*u + 29. Let p be i(-8). Let f = p + -14. What is the units digit of f?
1
Let m = 6 + 5. Let p = m - 2. Suppose 48 = 4*u + 2*b, 0 = 4*u + 3*b - 57 + p. What is the tens digit of u?
1
Let m(p) be the second derivative of p**3/6 - 9*p**2 - 4*p. Let x be m(18). Suppose x = 5*q - 2*q - 126. What is the tens digit of q?
4
What is the hundreds digit of 4/(-9) + 18616/9?
0
Let a(q) = q - 3. Let l be a(6). Let w(k) = 2*k**2 - 5*k - 2. Let y be w(4). Suppose u + l = y. What is the units digit of u?
7
Let s = 1930 - 1329. What is the units digit of s?
1
Let q = -150 + 76. What is the tens digit of q/(-4) - 10/(-20)?
1
What is the tens digit of ((-6)/4)/(24/(-320))?
2
Suppose -15*y + 17*y = 178. Suppose 3*s = 5*f + 277, -f = s - 2*s + y. What is the units digit of s?
4
Let o(z) = 5*z**2 + 4*z + 5. Suppose -6*h - 4*h - 20 = 0. What is the units digit of o(h)?
7
Let b(l) = 209*l**2 - 63*l - 128. What is the units digit of b(-2)?
4
Suppose -97 = -5*w - 2*k, 0 + 94 = 5*w - k. Let y = w - 37. Let b = -14 - y. What is the units digit of b?
4
Let x(i) = -i**3 - 3*i**2 + 3*i + 231. What is th